) + (1 - 1)
-2
What is 0 + (3 - (5 + -6) - 1)?
3
(25 - 15) + 1 + -7
4
Evaluate (28 - 9) + -11 - 11.
-3
What is the value of -8 - -13 - (-1 - -4) - 5?
-3
Calculate -10 + ((-9 - -5) + 4 - -5).
-5
Evaluate (-2 - -12) + -13 + 3 + 1.
1
What is 1 - (-4 - -4 - 3) - -1?
5
-1 - 1 - (-6 + (11 - 5))
-2
What is (-3 + 1 - 3) + 2 + -2?
-5
What is 10 + (-6 - -14 - 8)?
10
(-5 - (2 - 5 - 3)) + -1
0
0 - 7 - (13 + -17)
-3
What is the value of (5 - 28 - -11) + 4 + 2?
-6
Evaluate 41 + -37 + (1 - -1).
6
(10 - 5) + (-12 - -1)
-6
What is the value of -5 + -2 - (1 - 2 - 2)?
-4
What is the value of (-5 - (0 + (3 - 5))) + 8?
5
5 + (-2 + 5 - 12)
-4
-3 + 2 + 6 + -3
2
What is the value of 31 - 17 - (-3 - -17)?
0
What is 3 - 1 - (13 - (-17 - -23))?
-5
Evaluate -4 + (6 + -15 - -12).
-1
7 + (1 - (0 - -7)) + 3
4
Evaluate 5 + 0 + (2 - 20) + 10.
-3
11 - (0 + 0 + 10)
1
Evaluate 4 - 7 - (3 - 11).
5
What is the value of 9 + (-1 - -3) + -4?
7
Evaluate -7 + 4 + -13 + 15.
-1
1 - (-2 + (-3 - -3))
3
Evaluate (-3 - -3) + (8 - (2 + -1)).
7
Calculate -1 - -4 - (-19 + 19).
3
What is the value of -1 - -3 - ((1 - 4) + 3)?
2
5 - 4 - (2 + (1 - 1))
-1
-2 - (7 + -3 + -10)
4
What is the value of -1 - (4 + -3 - -2)?
-4
What is the value of -1 - (4 + (2 - -4 - 14))?
3
2 - (7 - (4 + -3 + 3))
-1
What is 6 + (-1 - (-5 - -6)) + -11?
-7
-6 + 6 + -17 + 12
-5
Calculate 2 + 3 + -13 + 3 + 0.
-5
What is 5 + -9 + 4 + 0 + 0?
0
Evaluate (0 - -12) + -15 + 5.
2
-1 + -3 + 1 - (-67 + 63)
1
Evaluate 0 - (-2 - (1 + -4)).
-1
What is the value of 1 - (5 + 4 + 2)?
-10
What is 0 + (-12 - -6) + 6?
0
Calculate (25 - 35) + 1 + 5 + -1.
-5
Calculate -7 + 4 + (-1 - 0 - 0).
-4
-4 - (1 - (5 + 0))
0
Calculate -3 - (-13 + 4 + 2 - -1).
3
10 + -4 - (6 - 2)
2
Evaluate 12 - (0 + 4) - 3.
5
Calculate 13 + -1 + -8 + 0.
4
Calculate (1 - -3) + -2 + -6 + 5.
1
0 + -8 + 6 + 3
1
What is the value of 7 - 2 - (7 - -5)?
-7
Evaluate 11 + (-7 - 4) + -2.
-2
Evaluate 0 + (-20 - -12) + 8 + -2.
-2
What is the value of -2 + -1 - (-7 - (-2 + -6))?
-4
-4 + -5 + 14 - 3
2
Evaluate 2 - (-2 - 9 - -17).
-4
What is (2 - -2) + 2 + -4 + -2?
0
What is 3 + (1 + -2 - 4) + -1?
-3
Calculate 3 + (3 + -9 - -3) - 4.
-4
Evaluate 1 - 4 - (-1 - 0 - 1).
-1
Calculate -88 + 79 - (1 + -4).
-6
What is -1 - 3 - 4 - (5 + -8)?
-5
What is the value of -7 - (-5 + -2 + (1 - 8))?
7
What is the value of 2 + 1 + -44 + 44?
3
-3 + (17 + -20 - (-1 + -4))
-1
What is the value of 33 + -32 - ((1 - 1) + 0)?
1
What is the value of 1 - 3 - -2 - (-25 + 28)?
-3
What is -12 + (7 - (2 + -1))?
-6
(-1 - 3) + (2 - -2)
0
Calculate (-7 - (3 - 9)) + -1 + 0.
-2
What is (-6 - -9) + -4 + (-2 - -8)?
5
Evaluate (-7 - (3 - 17)) + -13.
-6
What is the value of 4 + 0 + -5 + 2?
1
What is the value of (6 - 12) + (8 - 2)?
0
What is -4 + 12 + (-2 - 3)?
3
What is the value of -4 - -7 - 2 - (1 - -1)?
-1
What is the value of 3 - 1 - (-6 + 0) - 1?
7
Evaluate 2 + 2 + -10 + 0 + 2.
-4
Evaluate 7 + -4 - (7 + -4).
0
Evaluate -1 + 4 + -3 + 3 + 1.
4
What is the value of (-11 + 1 - -5) + 6?
1
(14 - 6) + -10 + 11
9
What is -4 - (0 + -1 + -3)?
0
Calculate -3 - -11 - (-2 - -6) - -1.
5
What is -13 + 7 + -1 + 5?
-2
What is the value of (0 - 0) + 4 + -12?
-8
Evaluate (1 - -5) + -14 - -14.
6
Evaluate -5 + -2 + 6 + 4.
3
What is the value of (-3 - 8) + 8 + -7 + 7?
-3
4 + 1 - (-2 + 2 + 0)
5
Calculate 6 + -13 + 0 - -12.
5
5 + -1 + (1 - 1)
4
What is the value of -7 + -10 + 7 - -6?
-4
Evaluate 3 + (-6 - -2) + 1 + -3.
-3
Evaluate 448 + -438 - (0 - 1 - -7).
4
Calculate (1 - (6 - (4 - 0))) + 2.
1
Evaluate (-4 - (2 - 15)) + -7.
2
What is (-9 - (0 - -2 - 7)) + 10?
6
What is the value of (3 - 16) + 30 - 9?
8
Calculate 6 + -5 + 0 - (1 - 9).
9
Calculate -2 - -12 - 4 - 1.
5
Calculate -2 + 1 - 2 - (5 + -2).
-6
What is the value of (-9 - -13 - (6 - 1)) + -3?
-4
What is -5 + (0 - (-8 - (-2 + 0)))?
1
Evaluate -4 + (7 - 7) + 3 + -5.
-6
What is 3 - (-12 + 14 + -7)?
8
Evaluate (-2 - (2 - -10)) + 3.
-11
What is -16 + -3 + -2 + 8 + 4?
-9
Evaluate (0 + (2 - 2) - 2) + 3.
1
Evaluate (1 - -7 - 6) + -5.
-3
Calculate 14 - 1 - (14 + (-5 - 1)).
5
Evaluate 9 + -20 + 13 + 6.
8
Calculate -2 - 4 - (1 - -1 - 9).
1
Evaluate (2 - 4) + (-4 - -3).
-3
What is (-1 - (1 - 4)) + (-1 - 0)?
1
6 - 5 - (2 + (3 - 2))
-2
-2 + 7 - (-3 - (2 - 5))
5
What is 7 + (-1 - 0) - 3?
3
Calculate 6 - (-6 + 1 + 9 + 4).
-2
What is -8 + (0 + (2 - -4) - 4)?
-6
Calculate (7 - -1) + -84 + 76.
0
Evaluate 8 - (11 - (-2 + 5)).
0
Calculate -5 + (11 - 6 - 0) + -1.
-1
Evaluate (1 - 1) + (-20 - -15).
-5
What is the value of -8 - (-9 - (-10 + 6) - -1)?
-4
What is -5 + 1 - (-21 + 16)?
1
What is 3 + (6 - (-4 + 14))?
-1
Calculate -4 + 1 + (-7 + 12 - 5).
-3
What is the value of -5 + 2 + -1 + 5?
1
-7 + -5 + 5 + 3
-4
Evaluate 1 + (2 - -3 - (0 - -2)).
4
-88 + 92 + (-8 - -1)
-3
What is the value of -3 + 1 + 4 + -4?
-2
Evaluate 4 - (23 + -26 - (1 + -4)).
4
Calculate (1 + -5 - -4) + 3 + 1.
4
What is the value of 12 - (5 + 0) - 10?
-3
Evaluate -8 - (-8 + 0 - 3).
3
What is the value of (-13 - -8) + 7 - -3?
5
What is 4 - (14 - 7) - -3?
0
Evaluate 1 + (8 - 4 - 4 - 1).
0
What is the value of -3 - (-3 + 6 - (-1 - -2))?
-5
What is the value of -8 - -5 - (-2 + (-2 - -3))?
-2
What is 1 + -7 - (21 - 21)?
-6
Calculate (-47 - -46) + (1 - -4).
4
What is the value of 1 - (-1 + (-7 - -11))?
-2
Calculate -2 + 3 + 0 - (-8 - -4).
5
What is the value of 7 + -4 - (4 + -3)?
2
Evaluate 0 - (-2 + 4) - (7 + -6).
-3
What is the value of 10 - (-7 + 1 - (-5 - 4))?
7
What is 3 + (6 - (13 - 3))?
-1
(0 - -3) + 0 + 191 + -195
-1
What is the value of (3 + -3 + 5 - 3) + -1?
1
Calculate 0 + -1 - (4 + 0).
-5
Evaluate -5 - (9 + -5) - 0.
-9
Evaluate 6 - (4 - 2 - -5).
-1
(6 - -3 - (2 + 1)) + 4
10
-3 + (-6 - -4) - -6
1
Evaluate 2 + -1 + -4 + 0 + 1.
-2
Evaluate (-5 + 4 - 1) + (4 - 0).
2
Evaluate 2 + (-1 - (0 + 3)) + -1.
-3
5 - (-1 - (-8 - 2)) - -5
1
Evaluate (6 + -2 - 3) + -5.
-4
What is 17 + -3 + -1 - (-23 - -30)?
6
6 - (-7 - -6 - -4)
3
1 + (11 + -9 - (-2 - -1))
4
Calculate -5 + 0 + 6 + -1 + 4.
4
Evaluate (-6 - 0 - -4) + 5.
3
Evaluate 2 + (-19 - -11 - (-1 - 2)).
-3
What is the value of 3 - 1 - (22 - 22)?
2
What is -3 + 1 - (-2 - (-17 + 13))?
-4
Calculate -1 + 5 + (4 + 0 - 11).
-3
What is the value of 7 - (3 + 1 + -2)?
5
What is 2 + (2 - (-3 - -11) - 7)?
-11
What is -1 + 6 + 0 + -5 + 3?
3
What is (-5 - -5) + (6 - 2)?
4
-8 - (-2 + -3) - -2
-1
What is 5 + (-5 + 11 - 12)?
-1
What is 6 + (-8 - (-12 - -2)) + -4?
4
Calculate (7 - (-1 + 3)) + -5.
0
What is -1 + 6 + -3 + 2 + -3?
1
Evaluate (10 - (-2 - -9)) + (-2 - -6).
7
4 - (10 - 0 - (1 + 0))
-5
Evaluate 3 + 1 + 5 - (2 - -2).
5
1 + -1 + 5 + 0
5
What is 10 + 0 + 0 + -4 + -4?
2
What is the value of 2 + 1 - 3 - -4?
4
What is (9 - (3 - -4)) + -7?
-5
14 + 0 + -4 + -2 + 1
9
What is the value of (3 - 1) + -6 - -4?
0
What is -9 + 1 + 5 + 2?
-1
What is the value of 0 - 3 - (1 - (1 + -2))?
-5
What is the value of (0 - -7) + -2 + (-88 - -84)?
1
What is -3 - (0 + -1 + 1)?
-3
(-6 - (-21 - 0)) + -11
4
Evaluate 0 - -10 - (4 + (-20 - -24)).
2
What is -16 + 1 + (-5 - -8) - -6?
-6
What is the value of (-5 + 6 - -1) + (-4 - 0)?
-2
2 - (6 + 7 + -8)
-3
What is -1 + 5 + (7 - 7)?
4
3 - (9 - (0 - (4 + -8)))
-2
Calculate (-11 + 8 - -9) + (2 - 2).
6
What is (-37 - -35) + (6 - 1)?
3
Evaluate -9 + 8 + -5 + 0.
-6
What is 3 + -6 + -7 + 13?
3
What is (-3 - (-8 + 2) - -3) + -1?
5
Evaluate 5 - (6 + -5 + 7 - 6).
3
Evaluate 3 - (-5 + -1 + 10) - -4.
3
What is 3 + -4 - 6 - (-2 - 2)?
-3
Calculate 30 + -24 - (0 + 6).
0
What is 6 - (1 + 3 + (-3 - 0))?
5
Calculate -2 - (1 + 2 + -3 + -1).
-1
-2 + (0 - -1) + 2
1
What is -10 - -3 - 4 - -3 - -18?
10
What is the value of (-2 - (4 + 0)) + 6?
0
What is -10 - ((-10 - (-7 + 2)) + 0)?
-5
What is the value of 12 - -8 - 13 - 1?
6
Evaluate (3 - (6 + -8)) + -3.
2
-1 - 1 - (1 - -1)
-4
-2 + -1 - (0 + -3 + 2)
-2
Evaluate 5 + -10 + (3 - (0 - 4)).
2
What is 7 + (-6 - 6 - -8)?
3
Calculate 4 + -1 - (2 + 0 + 2).
-1
-6 - 4 - (-5 + -15)
10
Evaluate 1 - (1 + -1 + 4).
-3
Calculate -2 - (3 + 2 + -3 - 0).
-4
0 + 0 + (-2 - -2 - 0)
0
Calculate (15 + -10 - -1) + -11.
-5
-2 - (1 - (4 + (4 - 6)))
-1
What is 5 + 2 + -15 - -12?
4
What is the value of -3 + 0 - (-1 - (-4 - -5))?
-1
What is -39 + 59 - (-3 - -15)?
8
Evaluate -5 - -2 - (-1 + 2).
-4
What is (-1 - 7) + (132 - 118)?
6
What is the value of 6 + -9 + 6 + (-2 - -1)?
2
Evaluate -5 - (8 